(base 5) to base 3.
-10
-110 (base 2) to base 4
-12
Convert 160 (base 11) to base 14.
d5
What is 14 (base 13) in base 3?
122
Convert -101110 (base 2) to base 10.
-46
What is 3 (base 12) in base 13?
3
-102 (base 5) to base 14
-1d
Convert 2200 (base 3) to base 2.
1001000
-2 (base 11) to base 3
-2
What is -4 (base 5) in base 16?
-4
Convert 89 (base 11) to base 16.
61
1134 (base 6) to base 15
134
Convert -126 (base 15) to base 12.
-199
What is 10 (base 4) in base 12?
4
Convert 110 (base 15) to base 13.
156
What is 146 (base 10) in base 8?
222
What is -2 (base 12) in base 3?
-2
2 (base 3) to base 15
2
4 (base 10) to base 8
4
What is -101101 (base 2) in base 15?
-30
Convert 1 (base 10) to base 3.
1
100121 (base 3) to base 14
147
Convert -10110 (base 4) to base 11.
-231
Convert 313 (base 5) to base 9.
102
Convert -a (base 16) to base 9.
-11
Convert -110001 (base 2) to base 8.
-61
Convert 3 (base 5) to base 15.
3
Convert 46 (base 7) to base 9.
37
10 (base 4) to base 15
4
What is -2 (base 15) in base 5?
-2
What is 0 (base 8) in base 6?
0
What is -46 (base 12) in base 11?
-4a
Convert -12 (base 10) to base 16.
-c
What is -228 (base 9) in base 3?
-20222
What is -12 (base 4) in base 3?
-20
Convert 1 (base 5) to base 7.
1
What is -17 (base 10) in base 7?
-23
Convert 0 (base 8) to base 9.
0
What is -14 (base 6) in base 5?
-20
What is -10 (base 3) in base 9?
-3
Convert -14 (base 10) to base 6.
-22
What is -a0 (base 13) in base 14?
-94
-2a (base 11) to base 16
-20
What is 0 (base 10) in base 16?
0
Convert 7 (base 13) to base 16.
7
-91 (base 12) to base 11
-9a
What is -10 (base 3) in base 7?
-3
-17 (base 11) to base 10
-18
What is -1 (base 6) in base 9?
-1
-2b (base 13) to base 5
-122
Convert 2 (base 10) to base 5.
2
Convert 8 (base 11) to base 5.
13
What is -176 (base 10) in base 11?
-150
What is -214 (base 9) in base 8?
-257
What is 3 (base 7) in base 14?
3
What is -66 (base 15) in base 10?
-96
What is 2 (base 9) in base 8?
2
-4 (base 16) to base 7
-4
-14 (base 7) to base 3
-102
304 (base 6) to base 5
422
What is 13 (base 16) in base 9?
21
What is 4 (base 13) in base 12?
4
Convert 13 (base 14) to base 4.
101
1 (base 16) to base 6
1
Convert 2 (base 6) to base 13.
2
-36 (base 12) to base 9
-46
What is 3 (base 8) in base 9?
3
What is -5 (base 13) in base 14?
-5
37 (base 10) to base 4
211
34 (base 9) to base 14
23
What is 4 (base 11) in base 12?
4
-4a (base 13) to base 12
-52
Convert -5 (base 14) to base 2.
-101
b (base 13) to base 5
21
4 (base 7) to base 15
4
Convert 10000 (base 2) to base 6.
24
Convert 24 (base 14) to base 11.
2a
-14 (base 16) to base 12
-18
What is -8 (base 14) in base 2?
-1000
Convert 7 (base 13) to base 6.
11
62 (base 15) to base 11
84
Convert -b8 (base 16) to base 6.
-504
Convert 6 (base 15) to base 8.
6
-2c (base 13) to base 7
-53
Convert 2 (base 9) to base 8.
2
What is -40 (base 5) in base 7?
-26
1 (base 13) to base 12
1
Convert -3 (base 7) to base 6.
-3
Convert 18 (base 15) to base 16.
17
What is 1 (base 10) in base 6?
1
2 (base 13) to base 8
2
Convert c (base 15) to base 7.
15
100 (base 4) to base 16
10
What is d (base 14) in base 8?
15
What is 154 (base 13) in base 5?
1423
What is 67 (base 11) in base 15?
4d
What is 6 (base 7) in base 5?
11
Convert 2 (base 12) to base 16.
2
Convert -2 (base 12) to base 15.
-2
-a (base 16) to base 4
-22
29 (base 15) to base 13
30
-2 (base 15) to base 11
-2
11 (base 7) to base 11
8
2 (base 16) to base 3
2
Convert -2 (base 4) to base 3.
-2
What is -5 (base 6) in base 7?
-5
-312 (base 4) to base 16
-36
Convert -4 (base 14) to base 11.
-4
-4 (base 6) to base 12
-4
-5 (base 7) to base 8
-5
Convert 1d (base 14) to base 2.
11011
What is -2 (base 11) in base 5?
-2
-25 (base 10) to base 12
-21
73 (base 13) to base 9
114
What is -2001 (base 3) in base 9?
-61
What is 10 (base 2) in base 7?
2
What is -129 (base 16) in base 13?
-19b
20 (base 4) to base 2
1000
56 (base 8) to base 10
46
What is -2 (base 13) in base 12?
-2
What is -e (base 16) in base 15?
-e
What is -103 (base 4) in base 7?
-25
What is 0 (base 15) in base 3?
0
What is -2 (base 16) in base 8?
-2
What is 1a9 (base 12) in base 3?
101010
What is 1 (base 6) in base 14?
1
Convert -8 (base 14) to base 12.
-8
Convert 1 (base 14) to base 6.
1
What is 21 (base 4) in base 2?
1001
c (base 13) to base 7
15
What is -3 (base 7) in base 3?
-10
-4 (base 14) to base 8
-4
32 (base 8) to base 6
42
2 (base 10) to base 13
2
Convert 12011 (base 3) to base 6.
351
Convert -7 (base 14) to base 3.
-21
Convert -2 (base 15) to base 11.
-2
Convert -203 (base 4) to base 15.
-25
Convert 2 (base 14) to base 4.
2
What is -2b (base 15) in base 4?
-221
Convert -11 (base 16) to base 12.
-15
Convert 21 (base 12) to base 13.
1c
Convert -10 (base 5) to base 15.
-5
What is -155 (base 6) in base 2?
-1000111
-3c (base 15) to base 10
-57
What is -1 (base 8) in base 2?
-1
What is 140 (base 6) in base 10?
60
Convert -1 (base 9) to base 13.
-1
-1 (base 13) to base 15
-1
5 (base 15) to base 8
5
-1 (base 5) to base 14
-1
Convert -1 (base 11) to base 10.
-1
-5 (base 12) to base 8
-5
1 (base 14) to base 5
1
Convert a (base 13) to base 6.
14
Convert 4 (base 10) to base 9.
4
-c (base 16) to base 2
-1100
What is -2 (base 8) in base 11?
-2
What is -15 (base 13) in base 4?
-102
187 (base 9) to base 10
160
-29 (base 10) to base 6
-45
-2 (base 8) to base 10
-2
Convert e3 (base 15) to base 13.
135
Convert -4 (base 9) to base 12.
-4
43 (base 10) to base 14
31
45 (base 9) to base 13
32
-10 (base 16) to base 3
-121
Convert 252 (base 6) to base 14.
76
Convert 23 (base 7) to base 2.
10001
What is 14 (base 5) in base 12?
9
0 (base 14) to base 15
0
Convert 3 (base 6) to base 12.
3
What is -148 (base 9) in base 3?
-11122
-9 (base 14) to base 6
-13
Convert 10 (base 2) to base 7.
2
9 (base 13) to base 15
9
ac (base 14) to base 4
2120
Convert 2a (base 14) to base 13.
2c
What is 3 (base 8) in base 2?
11
Convert -237 (base 11) to base 5.
-2112
1 (base 8) to base 13
1
What is -4 (base 9) in base 2?
-100
What is c (base 16) in base 2?
1100
Convert 8 (base 13) to base 8.
10
What is 1 (base 4) in base 10?
1
Convert 0 (base 3) to base 9.
0
14 (base 16) to base 3
202
Convert 2 (base 8) to base 12.
2
What is 0 (base 16) in base 15?
0
-45 (base 6) to base 2
-11101
What is 10 (base 2) in base 6?
2
Convert -1 (base 8) to base 6.
-1
What is -31 (base 4) in base 10?
-13
What is -3 (base 11) in base 13?
-3
Convert 38 (base 13) to base 15.
32
What is a (base 16) in base 13?
a
-31 (base 13) to base 6
-104
Convert 0 (base 15) to base 16.
0
What is 138 (base 11) in base 8?
242
What is 1010 (base 2) in base 9?
11
What is -32 (base 8) in base 13?
-20
What is -104 (base 9) in base 5?
-320
What is -40 (base 11) in base 12?
-38
-77 (base 13) to base 9
-118
What is -242 (base 5) in base 12?
-60
Convert 130 (base 5) to base 14.
2c
3d (base 16) to base 9
67
What is -65 (base 12) in base 11?
-70
57 (base 16) to base 12
73
What is 11 (base 3) in base 6?
4
Convert 2 (base 13) to base 15.
2
What is -59 (base 10) in base 11?
-54
What is 3 (base 6) in base 13?
3
What is 12 (base 9) in base 15?
b
a (base 13) to base 3
101
Convert -2 (base 3) to base 6.
-2
Convert 3 (base 10) to base 2.
11
What is -4 (base 13) in base 9?
-4
What is 2 (base 9) in base 6?
2
-7 (base 14) to base 9
-7
What is -28 (base 9) in base 3?
-222
Convert -3c (base 16) to base 3.
-2020
What is 3 (base 12) in base 4?
3
Convert -1030 (base 4) to base 6.
-204
What is 0 (base 2) in base 16?
0
What is 302 (base 7) in base 11?
126
1 (base 9) to base 10
1
Convert -69 (base 13) to base 16.
-57
Convert -5b (base 12) to base 2.
-1000111
-30 (base 4) to base 8
-14
Convert -134 (base 13) to base 3.
-21212
What is -a3 (base 12) in base 8?
-173
7 (base 14) to base 6
11
What is 555 (base 6) in base 12?
15b
Convert -20 (base 3) to base 8.
-6
Convert -1001 (base 5) to base 12.
-a6
What is -1a (base 14) in base 4?
-120
What is -210 (base 4) in base 2?
-100100
What is 4 (base 6) in base 16?
4
-34 (base 9) to base 12
-27
Convert 0 (base 16) to base 14.
0
Convert 0 (base 14) to base 4.
0
What is 10 (base 3) in base 8?
3
Convert -2b (base 16) to base 8.
-53
What is 100011 (base 2) in base 6?
55
-2 (base 3) to base 5
-2
What is 12 (base 14) in base 6?
24
Convert -b (base 15) to base 9.
-12
Convert 370 (